se -18 = 4*r - 2*x, -2*x - 24 = v*r - 7*x. Determine i(r).
2
Let k(n) = n**3 + 2*n**2 - 2*n - 1. Let w be k(-3). Let f(h) be the first derivative of h**3/3 + 3*h**2 + 4*h - 1. Calculate f(w).
-4
Let x(z) = -4*z + 13. Let o(i) = i - 4. Let a(h) = -7*o(h) - 2*x(h). Determine a(6).
8
Let n(b) = -b**2 - 6*b + 6. Let k be -4 + 8 - 40/4. What is n(k)?
6
Let i be 5/(-2)*(-4)/(-2). Let s(q) = q**2 + 4*q - 3. Let a be s(i). Let u(k) = -a + 4*k - 1 + 2*k**3 - 3*k**3 + 2*k**2. Determine u(3).
0
Suppose -3*l + h - 5*h = 9, -4*l = h - 1. Let v(d) = 8*d**3 - 2*d**2 + 2*d - 1. Determine v(l).
7
Let v(k) be the third derivative of k**5/60 + 5*k**4/24 - k**3/3 - k**2. Let a be ((-4)/(-3))/((-3)/9). What is v(a)?
-6
Let o(i) = -i**2 - 3*i. Suppose -8 - 14 = -2*g. Let j = g - 15. Calculate o(j).
-4
Let z = -5 - -1. Let s = 8 + z. Let c(t) = -5*t - 3*t**3 + 1 + s*t**2 + 2*t**3 + 2*t**3. What is c(-5)?
1
Let u(m) be the third derivative of -m**5/60 + 3*m**4/8 - 4*m**3/3 - 26*m**2. Give u(8).
0
Let s(m) = 2*m**3 - 8*m**2 - m + 4. Let q(h) = h**3 - 7*h**2 + 4. Let v(l) = -3*q(l) + 2*s(l). Let p = 7 + -10. Let a be 16/(-3) - 1/p. What is v(a)?
6
Let a(k) = -59*k + 3*k**2 + 4*k**3 + 62*k - 5*k**3 + 2. Calculate a(3).
11
Suppose 0 = 2*w - 3*y - 14, 0*w - w - 4*y = 15. Let v = 1 - w. Let g(k) = 1 + 2 + 2*k + k**2 + k**3 - k - 2*k**3. Give g(v).
3
Let l(d) = d**3 + 2*d**2 - 4*d - 4. Let p(k) = k**3 + k**2 - 3*k - 3. Let z(n) = -3*l(n) + 4*p(n). Determine z(2).
0
Let c(h) = h**2 + 4*h - 5. Let n be c(-5). Let p(j) = 6*j**2 - 5 + n*j**3 + 3*j - j + j**3 + 0*j. What is p(-5)?
10
Let d(k) = -k. Let w be (17 - 2)*2/6. Suppose -2*b + w = -5. Determine d(b).
-5
Suppose -m = -0*m. Let o(t) = t**3 + t**2 - t + 1. Calculate o(m).
1
Let r(g) = -g**2 + 2. Suppose 3 = -m - 12. Let d = -13 - m. What is r(d)?
-2
Let l(z) = -z**2 - 8*z + 1. Let m be l(-8). Let n(f) = 2*f**3 + f**2 - m - 9*f**3 + 8*f**3. Let t be (-2*1)/2 + -1. Calculate n(t).
-5
Let c(x) = -1. Let i(l) = -l - 1. Let m(k) = 2*c(k) - i(k). Calculate m(2).
1
Let i(x) be the third derivative of x**5/60 + x**4/4 + 2*x**3/3 + 21*x**2. Suppose -5*m - 20 = -m. Determine i(m).
-1
Let r(i) = 0 + 6*i - 5*i + 3 + 2*i. Calculate r(-3).
-6
Let o(g) = -g**2 + 8*g - 8. Suppose -3*x + 2*p + 19 = 3*p, 0 = -p + 1. Suppose -2*t + 14 - x = 2*j, 0 = t - 2*j - 10. Calculate o(t).
4
Let w(b) = -1 - b - 2*b - 11*b + b. Calculate w(1).
-14
Suppose -1 = m - 5. Let i(f) = 14*f**2 - 20*f - 23. Let g(u) = -5*u**2 + 7*u + 8. Let b(n) = -11*g(n) - 4*i(n). Calculate b(m).
0
Let w(c) = -c + 3. Let m(q) = q**2 - 2. Let g be m(2). Suppose 6 = -g*k - 2. Let r(a) = 1. Let p(d) = k*w(d) + 11*r(d). What is p(1)?
3
Let z(b) be the first derivative of b**2/2 - 4*b - 1. Suppose 7*n = 2*n - 20. What is z(n)?
-8
Let g(s) = -s - 2. Let x be g(0). Let k(h) = -h**2 - 1 - h - 2 - 2*h. What is k(x)?
-1
Let p be (1 - 4/6)/((-9)/27). Let w(d) = 7*d**3 + 1. What is w(p)?
-6
Suppose -3*b = -2*b + 5. Let x(u) be the first derivative of 0*u**2 + 2*u + 4*u + u**2 - 1. Give x(b).
-4
Let h(c) = 3*c**2 + 3*c - 5. Let l(n) = -8*n**2 - 8*n + 14. Let u(f) = 11*h(f) + 4*l(f). Let s(d) = -5*d**2 - 2. Let k(b) = s(b) + 2*u(b). Determine k(2).
-8
Let n(r) = r**3 - r**2 - 2*r + 11. Let i(d) be the first derivative of -d**4 + 4*d**3/3 + 9*d**2/2 - 45*d - 2. Let j(l) = -2*i(l) - 9*n(l). Calculate j(0).
-9
Let k = 0 + 2. Let j(w) = 0*w**2 + 0*w**2 - w**k + 4*w**2. Give j(-1).
3
Let v(k) be the first derivative of 3*k + 6 + k**3 + 3/2*k**2 + 1/2*k**4. Let c be ((-2)/(-4))/(1/(-4)). Calculate v(c).
-7
Let z(i) be the third derivative of -1/6*i**3 + 7/24*i**4 + 0 - 2*i**2 + 0*i. Give z(-1).
-8
Let c(k) = -5*k**3 - k**2 + 1. Let q(m) = m + 17. Let d be q(-9). Suppose 4*i + 3*g - 42 = -2, 0 = -4*i + 5*g + d. Suppose -i = -5*r - 2. Calculate c(r).
-5
Let h(z) = -z**2 - 4*z - 1. Suppose l - 1 = 4*o + 1, -4*l + 8 = 0. Suppose b + 5 = -o*b. Give h(b).
-6
Let b(d) be the first derivative of 2*d**3/3 - 3*d**2 + d - 23. Determine b(4).
9
Let a(j) = 2*j - 3. Let i(h) = 3*h**2 + h. Let c be i(-1). Determine a(c).
1
Let g(i) be the first derivative of -i**2 + 7*i - 6. Let a(o) = o**2 - 9*o - 10. Let q be a(9). Let t(s) = s + 16. Let b be t(q). Determine g(b).
-5
Let b(g) = 29*g**2 + 21*g - 3. Let l(q) = q + 1. Let w(a) = -b(a) + 6*l(a). Let z(x) = -15*x**2 - 8*x + 5. Let o(n) = 6*w(n) - 11*z(n). What is o(-1)?
-8
Let i(c) = c**2 - 4. Let v(q) = -q**3 + 5*q**2 + 9*q - 15. Let g be v(6). What is i(g)?
5
Let u(m) = 3*m + 2. Let s be ((-8)/(-10) + 0)*-5. Let r be 2/1 + (-2 - s). Suppose -7 = -v + r*j, 3*j = -0*v - v. Give u(v).
11
Let o = 5 + 0. Suppose -o*h + 4 = -3*h. Let l(x) = x**2 + x**h - 4*x**2 - 6*x + x**2. Determine l(-4).
8
Let d(n) = 0*n**3 + n**3 + 5 + 3*n**2 - 10*n + 7*n. Give d(-4).
1
Let s(w) be the first derivative of w**7/840 - w**5/120 - w**4/12 + w**3/3 - 4. Let p(f) be the third derivative of s(f). What is p(2)?
4
Let j(b) be the second derivative of -3*b - 3*b**2 + 0 - 1/12*b**4 + 5/6*b**3. Let n(m) = 4*m. Let h be n(1). What is j(h)?
-2
Let z(q) = q**2 + 2*q - 4. Suppose -13 + 10 = m. Let s = -6 - m. Give z(s).
-1
Let b(x) = x - 4. Let y be b(6). Suppose y*z - 1 - 3 = -4*u, z + 2 = 2*u. Suppose -2*k + 3*k = z. Let j(m) = m**3 + m**2 + m + 3. What is j(k)?
3
Let m(d) be the third derivative of d**6/120 - d**5/30 - d**4/8 + d**3/2 + 16*d**2. Suppose -4*j + 0*j = 2*u - 4, 16 = -4*u. Calculate m(j).
3
Let i(r) = r + 0*r + 0*r. Let u = 8 + -3. Suppose 0*n = -n + u. What is i(n)?
5
Let d(l) = -6 - 2*l - l + 1 + l**2. Let n be d(4). Let f(o) = -2*o**2 - o. Let j(y) = -3*y**2 - y. Let i(u) = 4*f(u) - 3*j(u). What is i(n)?
2
Let b(r) = r**2 - 1. Let u = 0 + 0. Calculate b(u).
-1
Let d(o) = -o + 7. Let f be 2/(4/(-10))*-1. What is d(f)?
2
Let o(m) = m. Let u(i) = -4*i - 1. Let c(a) = 7*o(a) + 2*u(a). Suppose 0*h = -d - 2*h + 3, -2*h + 21 = -5*d. Give c(d).
1
Suppose -9 = -3*h - 15. Let d(j) = j**2 + 3*j + 2. Give d(h).
0
Suppose 18 = 2*w + w. Let g(m) = m**2 - 6*m + 2. Calculate g(w).
2
Suppose -b = -4*b. Let z be b + 8 + 6 + -4. Let r(y) = -y**3 + 8 - 5*y**2 - z + y + 4*y**2. Give r(-2).
0
Let u(n) = 4 - 1281*n**2 - 2*n + 3*n + 1282*n**2. Calculate u(0).
4
Let z(p) = p**2 - 7*p - 10. Suppose -24 - 32 = -7*c. Let b be z(c). Let v(u) = 3*u - 2. What is v(b)?
-8
Let j(k) = 9111 - 9111 - 4*k. Calculate j(-2).
8
Suppose -9 = -5*h + v, -h + v = 2*h - 5. Let k(s) be the second derivative of -s + 1/3*s**4 + 0 + 7/2*s**h - 1/2*s**3 + 1/20*s**5. What is k(-5)?
-3
Let x(k) = 4*k + 2*k + 20 - 24. Suppose -25 = 5*u, -g = -u - 3 - 5. What is x(g)?
14
Let p(m) = -m**2 - 8*m - 7. Let i = -2 - 5. Let f be p(i). Let q(b) = b + f*b + 0*b. Give q(0).
0
Let k(t) be the first derivative of t**4/4 - 8*t**3/3 + 7*t**2/2 + 5*t - 48. Calculate k(7).
5
Let z(q) be the second derivative of 2*q + 0 + 0*q**2 - 1/24*q**4 + 2/3*q**3 + 1/360*q**6 + 1/40*q**5. Let d(s) be the second derivative of z(s). What is d(-3)?
-1
Let z(c) = 4*c. Let d(q) = 5*q. Let u(v) = -3*d(v) + 4*z(v). Calculate u(5).
5
Suppose 3*f + 2*h + 20 - 5 = 0, 4*f - 3*h + 20 = 0. Let o(m) = 3*m**2 - m + 1. Let a be o(1). Let d(b) = -5*b + a*b + b - 4. What is d(f)?
1
Let l(f) = -f**2 - 4*f + 3. Let i(d) = -2*d**2 - 8*d + 7. Let r(p) = 6*i(p) - 13*l(p). Determine r(-2).
-1
Let y(h) = -21*h + 6. Let f(l) = -22*l + 7. Let c(o) = -6*f(o) + 7*y(o). Give c(-1).
15
Let a(k) = k**3 - 7*k**2 - 8*k + 3. Let g be a(8). Let b(o) = -7*o + 9. Let y(h) = -4*h + 5. Let v(n) = -6*b(n) + 11*y(n). Calculate v(g).
-5
Let d(t) = t**2 - t + 1. Let s(v) = 6*v**2 - 5*v - 1. Let u(p) = -5*d(p) + s(p). Determine u(0).
-6
Suppose 2 = -w + p, -5*w - 4*p - 34 = -p. Let h(r) = -r - 5. Let k be h(w). Suppose -5*q - f - 12 = k, 16 = -3*q - 4*f - f. Let x(b) = 2*b + 3. What is x(q)?
-1
Let l(h) be the first derivative of -h**5/120 + 5*h**4/8 - 5*h**3/3 + 3. Let x(s) be the third derivative of l(s). Give x(0).
15
Let u(y) be the third derivative of 1/6*y**3 + 1/12*y**4 + 2*y**2 + 0 + 0*y. Calculate u(-2).
-3
Let h(m) = 5*m**2 + m. Let g = 7 - 3. Suppose -g*i - 5 + 1 = 0. Give h(i).
4
Let g(y) = -y + 1. Let f(k) = k**3 + 4*k**2 - 5*k. Let r(b) = f(b) - 4*g(b). Let z(l) = -l + 4. Let j be z(0). Let u = -7 + j. Give r(u).
8
Let l(z) = -z**2 + z. Let a(o) = -3*o. Let q(k) = -a(k) - 2*l(k). Le